{"id":3128,"date":"2017-02-28T22:47:24","date_gmt":"2017-02-28T21:47:24","guid":{"rendered":"http:\/\/carolco.pl\/?page_id=3128"},"modified":"2022-04-23T04:15:18","modified_gmt":"2022-04-23T02:15:18","slug":"rownomierne-rozlozenie-energii","status":"publish","type":"page","link":"http:\/\/carolco.pl\/pl\/carolco-home\/rozwiazania\/innowacje-malowaniu-ciepla-sciana\/rownomierne-rozlozenie-energii\/","title":{"rendered":"R\u00f3wnomierne roz\u0142o\u017cenie energii"},"content":{"rendered":"<p>Rozk\u0142ad energii w pomieszczeniu pomalowanym termofarb\u0105.<\/p>\n<div class=\"post-video\"><iframe loading=\"lazy\" title=\"Oszcz\u0119dno\u015b\u0107 energii przez &quot;farb\u0119&quot;?\" width=\"1165\" height=\"655\" src=\"https:\/\/www.youtube.com\/embed\/xnzN4ZYL53Y?feature=oembed\" frameborder=\"0\" allow=\"accelerometer; autoplay; clipboard-write; encrypted-media; gyroscope; picture-in-picture\" allowfullscreen><\/iframe><\/div>\n<!--themify_builder_content-->\n<div id=\"themify_builder_content-3128\" data-postid=\"3128\" class=\"themify_builder_content themify_builder_content-3128 themify_builder tf_clear\">\n    <\/div>\n<!--\/themify_builder_content-->\n ","protected":false},"excerpt":{"rendered":"<p>Rozk\u0142ad energii w pomieszczeniu pomalowanym termofarb\u0105.<\/p>\n","protected":false},"author":1,"featured_media":0,"parent":3005,"menu_order":2,"comment_status":"closed","ping_status":"closed","template":"","meta":{"om_disable_all_campaigns":false,"_exactmetrics_skip_tracking":false,"_exactmetrics_sitenote_active":false,"_exactmetrics_sitenote_note":"","_exactmetrics_sitenote_category":0,"_monsterinsights_skip_tracking":false,"_monsterinsights_sitenote_active":false,"_monsterinsights_sitenote_note":"","_monsterinsights_sitenote_category":0,"footnotes":""},"class_list":["post-3128","page","type-page","status-publish","hentry","has-post-title","has-post-date","has-post-category","has-post-tag","has-post-comment","has-post-author",""],"aioseo_notices":[],"builder_content":"","_links":{"self":[{"href":"http:\/\/carolco.pl\/pl\/carolco-home\/wp-json\/wp\/v2\/pages\/3128","targetHints":{"allow":["GET"]}}],"collection":[{"href":"http:\/\/carolco.pl\/pl\/carolco-home\/wp-json\/wp\/v2\/pages"}],"about":[{"href":"http:\/\/carolco.pl\/pl\/carolco-home\/wp-json\/wp\/v2\/types\/page"}],"author":[{"embeddable":true,"href":"http:\/\/carolco.pl\/pl\/carolco-home\/wp-json\/wp\/v2\/users\/1"}],"replies":[{"embeddable":true,"href":"http:\/\/carolco.pl\/pl\/carolco-home\/wp-json\/wp\/v2\/comments?post=3128"}],"version-history":[{"count":1,"href":"http:\/\/carolco.pl\/pl\/carolco-home\/wp-json\/wp\/v2\/pages\/3128\/revisions"}],"predecessor-version":[{"id":3129,"href":"http:\/\/carolco.pl\/pl\/carolco-home\/wp-json\/wp\/v2\/pages\/3128\/revisions\/3129"}],"up":[{"embeddable":true,"href":"http:\/\/carolco.pl\/pl\/carolco-home\/wp-json\/wp\/v2\/pages\/3005"}],"wp:attachment":[{"href":"http:\/\/carolco.pl\/pl\/carolco-home\/wp-json\/wp\/v2\/media?parent=3128"}],"curies":[{"name":"wp","href":"https:\/\/api.w.org\/{rel}","templated":true}]}}