{"id":3130,"date":"2017-02-28T22:51:24","date_gmt":"2017-02-28T21:51:24","guid":{"rendered":"http:\/\/carolco.pl\/?page_id=3130"},"modified":"2022-04-23T07:09:37","modified_gmt":"2022-04-23T05:09:37","slug":"termofarby","status":"publish","type":"page","link":"https:\/\/carolco.pl\/pl\/carolco-home\/rozwiazania\/innowacje-malowaniu-ciepla-sciana\/termofarby\/","title":{"rendered":"Termofarby"},"content":{"rendered":"<h1>TERMOIZOLACJA<\/h1>\n<p>Farby termoizolacyjne pomagaj\u0105 w oszcz\u0119dno\u015bci energii.<\/p>\n<div class=\"post-video\"><iframe loading=\"lazy\" title=\"Termofarby\" width=\"1165\" height=\"874\" src=\"https:\/\/www.youtube.com\/embed\/hgvbUKpU36w?feature=oembed\" frameborder=\"0\" allow=\"accelerometer; autoplay; clipboard-write; encrypted-media; gyroscope; picture-in-picture\" allowfullscreen><\/iframe><\/div>\n<!--themify_builder_content-->\n<div id=\"themify_builder_content-3130\" data-postid=\"3130\" class=\"themify_builder_content themify_builder_content-3130 themify_builder tf_clear\">\n    <\/div>\n<!--\/themify_builder_content-->\n ","protected":false},"excerpt":{"rendered":"<p>TERMOIZOLACJA Farby termoizolacyjne pomagaj\u0105 w oszcz\u0119dno\u015bci energii.<\/p>\n","protected":false},"author":1,"featured_media":0,"parent":3005,"menu_order":3,"comment_status":"closed","ping_status":"closed","template":"","meta":{"om_disable_all_campaigns":false,"_exactmetrics_skip_tracking":false,"_exactmetrics_sitenote_active":false,"_exactmetrics_sitenote_note":"","_exactmetrics_sitenote_category":0,"_monsterinsights_skip_tracking":false,"_monsterinsights_sitenote_active":false,"_monsterinsights_sitenote_note":"","_monsterinsights_sitenote_category":0,"footnotes":""},"class_list":["post-3130","page","type-page","status-publish","hentry","has-post-title","has-post-date","has-post-category","has-post-tag","has-post-comment","has-post-author",""],"aioseo_notices":[],"builder_content":"","_links":{"self":[{"href":"https:\/\/carolco.pl\/pl\/carolco-home\/wp-json\/wp\/v2\/pages\/3130","targetHints":{"allow":["GET"]}}],"collection":[{"href":"https:\/\/carolco.pl\/pl\/carolco-home\/wp-json\/wp\/v2\/pages"}],"about":[{"href":"https:\/\/carolco.pl\/pl\/carolco-home\/wp-json\/wp\/v2\/types\/page"}],"author":[{"embeddable":true,"href":"https:\/\/carolco.pl\/pl\/carolco-home\/wp-json\/wp\/v2\/users\/1"}],"replies":[{"embeddable":true,"href":"https:\/\/carolco.pl\/pl\/carolco-home\/wp-json\/wp\/v2\/comments?post=3130"}],"version-history":[{"count":2,"href":"https:\/\/carolco.pl\/pl\/carolco-home\/wp-json\/wp\/v2\/pages\/3130\/revisions"}],"predecessor-version":[{"id":3132,"href":"https:\/\/carolco.pl\/pl\/carolco-home\/wp-json\/wp\/v2\/pages\/3130\/revisions\/3132"}],"up":[{"embeddable":true,"href":"https:\/\/carolco.pl\/pl\/carolco-home\/wp-json\/wp\/v2\/pages\/3005"}],"wp:attachment":[{"href":"https:\/\/carolco.pl\/pl\/carolco-home\/wp-json\/wp\/v2\/media?parent=3130"}],"curies":[{"name":"wp","href":"https:\/\/api.w.org\/{rel}","templated":true}]}}